[INFO] fetching crate htmlize 0.5.0...
[INFO] checking htmlize-0.5.0 against master#cfbc6d4cf1acbac5c025acf8ed68929caa551df3 for pr-75494-beta
[INFO] extracting crate htmlize 0.5.0 into /workspace/builds/worker-6/source
[INFO] validating manifest of crates.io crate htmlize 0.5.0 on toolchain cfbc6d4cf1acbac5c025acf8ed68929caa551df3
[INFO] running `Command { std: "/workspace/cargo-home/bin/cargo" "+cfbc6d4cf1acbac5c025acf8ed68929caa551df3" "read-manifest" "--manifest-path" "Cargo.toml", kill_on_drop: false }`
[INFO] started tweaking crates.io crate htmlize 0.5.0
[INFO] finished tweaking crates.io crate htmlize 0.5.0
[INFO] tweaked toml for crates.io crate htmlize 0.5.0 written to /workspace/builds/worker-6/source/Cargo.toml
[INFO] running `Command { std: "/workspace/cargo-home/bin/cargo" "+cfbc6d4cf1acbac5c025acf8ed68929caa551df3" "generate-lockfile" "--manifest-path" "Cargo.toml" "-Zno-index-update", kill_on_drop: false }`
[INFO] running `Command { std: "/workspace/cargo-home/bin/cargo" "+cfbc6d4cf1acbac5c025acf8ed68929caa551df3" "fetch" "--locked" "--manifest-path" "Cargo.toml", kill_on_drop: false }`
[INFO] [stderr]  Downloading crates ...
[INFO] [stderr]   Downloaded assertify v0.6.0
[INFO] [stderr]   Downloaded assertify_proc_macros v0.6.0
[INFO] running `Command { std: "docker" "create" "-v" "/var/lib/crater-agent-workspace/builds/worker-6/target:/opt/rustwide/target:rw,Z" "-v" "/var/lib/crater-agent-workspace/builds/worker-6/source:/opt/rustwide/workdir:ro,Z" "-v" "/var/lib/crater-agent-workspace/cargo-home:/opt/rustwide/cargo-home:ro,Z" "-v" "/var/lib/crater-agent-workspace/rustup-home:/opt/rustwide/rustup-home:ro,Z" "-e" "SOURCE_DIR=/opt/rustwide/workdir" "-e" "CARGO_TARGET_DIR=/opt/rustwide/target" "-e" "CARGO_HOME=/opt/rustwide/cargo-home" "-e" "RUSTUP_HOME=/opt/rustwide/rustup-home" "-w" "/opt/rustwide/workdir" "-m" "1610612736" "--user" "0:0" "--network" "none" "rustops/crates-build-env@sha256:a636fd89d022f18117e1dc8fb37a0a009933cdbbe082814857f0e2024962d47c" "/opt/rustwide/cargo-home/bin/cargo" "+cfbc6d4cf1acbac5c025acf8ed68929caa551df3" "metadata" "--no-deps" "--format-version=1", kill_on_drop: false }`
[INFO] [stdout] 226dfc705c3ded32af61cede60ef96292173e5fdcab884d255511ff1e65bbb42
[INFO] [stderr] WARNING: Your kernel does not support swap limit capabilities or the cgroup is not mounted. Memory limited without swap.
[INFO] running `Command { std: "docker" "start" "-a" "226dfc705c3ded32af61cede60ef96292173e5fdcab884d255511ff1e65bbb42", kill_on_drop: false }`
[INFO] running `Command { std: "docker" "inspect" "226dfc705c3ded32af61cede60ef96292173e5fdcab884d255511ff1e65bbb42", kill_on_drop: false }`
[INFO] running `Command { std: "docker" "rm" "-f" "226dfc705c3ded32af61cede60ef96292173e5fdcab884d255511ff1e65bbb42", kill_on_drop: false }`
[INFO] [stdout] 226dfc705c3ded32af61cede60ef96292173e5fdcab884d255511ff1e65bbb42
[INFO] running `Command { std: "docker" "create" "-v" "/var/lib/crater-agent-workspace/builds/worker-6/target:/opt/rustwide/target:rw,Z" "-v" "/var/lib/crater-agent-workspace/builds/worker-6/source:/opt/rustwide/workdir:ro,Z" "-v" "/var/lib/crater-agent-workspace/cargo-home:/opt/rustwide/cargo-home:ro,Z" "-v" "/var/lib/crater-agent-workspace/rustup-home:/opt/rustwide/rustup-home:ro,Z" "-e" "SOURCE_DIR=/opt/rustwide/workdir" "-e" "CARGO_TARGET_DIR=/opt/rustwide/target" "-e" "CARGO_INCREMENTAL=0" "-e" "RUST_BACKTRACE=full" "-e" "RUSTFLAGS=--cap-lints=forbid" "-e" "CARGO_HOME=/opt/rustwide/cargo-home" "-e" "RUSTUP_HOME=/opt/rustwide/rustup-home" "-w" "/opt/rustwide/workdir" "-m" "1610612736" "--user" "0:0" "--network" "none" "rustops/crates-build-env@sha256:a636fd89d022f18117e1dc8fb37a0a009933cdbbe082814857f0e2024962d47c" "/opt/rustwide/cargo-home/bin/cargo" "+cfbc6d4cf1acbac5c025acf8ed68929caa551df3" "check" "--frozen" "--all" "--all-targets" "--message-format=json", kill_on_drop: false }`
[INFO] [stdout] c118cab4867c9d0f1afebbde66eab5ceb137b3f13076ddd784f95c37639b8674
[INFO] [stderr] WARNING: Your kernel does not support swap limit capabilities or the cgroup is not mounted. Memory limited without swap.
[INFO] running `Command { std: "docker" "start" "-a" "c118cab4867c9d0f1afebbde66eab5ceb137b3f13076ddd784f95c37639b8674", kill_on_drop: false }`
[INFO] [stderr]    Compiling getrandom v0.1.14
[INFO] [stderr]    Compiling serde v1.0.115
[INFO] [stderr]    Compiling ppv-lite86 v0.2.9
[INFO] [stderr]    Compiling proc-macro-hack v0.5.18
[INFO] [stderr]    Compiling siphasher v0.3.3
[INFO] [stderr]    Compiling itoa v0.4.6
[INFO] [stderr]    Compiling libc v0.2.76
[INFO] [stderr]    Compiling ryu v1.0.5
[INFO] [stderr]    Compiling syn v1.0.39
[INFO] [stderr]     Checking phf_shared v0.8.0
[INFO] [stderr]    Compiling rand_core v0.5.1
[INFO] [stderr]    Compiling rand_chacha v0.2.2
[INFO] [stderr]    Compiling rand_pcg v0.2.1
[INFO] [stderr]    Compiling rand v0.7.3
[INFO] [stderr]    Compiling phf_generator v0.8.0
[INFO] [stderr]    Compiling serde_json v1.0.57
[INFO] [stderr]    Compiling htmlize v0.5.0 (/opt/rustwide/workdir)
[INFO] [stderr]    Compiling phf_macros v0.8.0
[INFO] [stderr]    Compiling assertify_proc_macros v0.6.0
[INFO] [stderr]     Checking assertify v0.6.0
[INFO] [stderr]     Checking phf v0.8.0
[INFO] [stdout] error[E0425]: cannot find value `input` in this scope
[INFO] [stdout]   --> src/escape.rs:64:5
[INFO] [stdout]    |
[INFO] [stdout] 64 |     test_multiple!(escape_text_basic, escape_text, BASIC_CORPUS);
[INFO] [stdout]    |     ^^^^^^^^^^^^^^^^^^^^^^^^^^^^^^^^^^^^^^^^^^^^^^^^^^^^^^^^^^^^^ not found in this scope
[INFO] [stdout]    |
[INFO] [stdout]    = note: this error originates in a macro (in Nightly builds, run with -Z macro-backtrace for more info)
[INFO] [stdout] 
[INFO] [stdout] 
[INFO] [stdout] error[E0425]: cannot find value `expected` in this scope
[INFO] [stdout]   --> src/escape.rs:64:5
[INFO] [stdout]    |
[INFO] [stdout] 64 |     test_multiple!(escape_text_basic, escape_text, BASIC_CORPUS);
[INFO] [stdout]    |     ^^^^^^^^^^^^^^^^^^^^^^^^^^^^^^^^^^^^^^^^^^^^^^^^^^^^^^^^^^^^^ not found in this scope
[INFO] [stdout]    |
[INFO] [stdout]    = note: this error originates in a macro (in Nightly builds, run with -Z macro-backtrace for more info)
[INFO] [stdout] 
[INFO] [stdout] 
[INFO] [stdout] error[E0425]: cannot find value `input` in this scope
[INFO] [stdout]   --> src/escape.rs:65:5
[INFO] [stdout]    |
[INFO] [stdout] 65 |     test_multiple!(escape_attribute_basic, escape_attribute, BASIC_CORPUS);
[INFO] [stdout]    |     ^^^^^^^^^^^^^^^^^^^^^^^^^^^^^^^^^^^^^^^^^^^^^^^^^^^^^^^^^^^^^^^^^^^^^^^ not found in this scope
[INFO] [stdout]    |
[INFO] [stdout]    = note: this error originates in a macro (in Nightly builds, run with -Z macro-backtrace for more info)
[INFO] [stdout] 
[INFO] [stdout] 
[INFO] [stdout] error[E0425]: cannot find value `expected` in this scope
[INFO] [stdout]   --> src/escape.rs:65:5
[INFO] [stdout]    |
[INFO] [stdout] 65 |     test_multiple!(escape_attribute_basic, escape_attribute, BASIC_CORPUS);
[INFO] [stdout]    |     ^^^^^^^^^^^^^^^^^^^^^^^^^^^^^^^^^^^^^^^^^^^^^^^^^^^^^^^^^^^^^^^^^^^^^^^ not found in this scope
[INFO] [stdout]    |
[INFO] [stdout]    = note: this error originates in a macro (in Nightly builds, run with -Z macro-backtrace for more info)
[INFO] [stdout] 
[INFO] [stdout] 
[INFO] [stdout] error[E0425]: cannot find value `input` in this scope
[INFO] [stdout]   --> src/escape.rs:66:5
[INFO] [stdout]    |
[INFO] [stdout] 66 |     test_multiple!(escape_all_quotes_basic, escape_all_quotes, BASIC_CORPUS);
[INFO] [stdout]    |     ^^^^^^^^^^^^^^^^^^^^^^^^^^^^^^^^^^^^^^^^^^^^^^^^^^^^^^^^^^^^^^^^^^^^^^^^^ not found in this scope
[INFO] [stdout]    |
[INFO] [stdout]    = note: this error originates in a macro (in Nightly builds, run with -Z macro-backtrace for more info)
[INFO] [stdout] 
[INFO] [stdout] 
[INFO] [stdout] error[E0425]: cannot find value `expected` in this scope
[INFO] [stdout]   --> src/escape.rs:66:5
[INFO] [stdout]    |
[INFO] [stdout] 66 |     test_multiple!(escape_all_quotes_basic, escape_all_quotes, BASIC_CORPUS);
[INFO] [stdout]    |     ^^^^^^^^^^^^^^^^^^^^^^^^^^^^^^^^^^^^^^^^^^^^^^^^^^^^^^^^^^^^^^^^^^^^^^^^^ not found in this scope
[INFO] [stdout]    |
[INFO] [stdout]    = note: this error originates in a macro (in Nightly builds, run with -Z macro-backtrace for more info)
[INFO] [stdout] 
[INFO] [stdout] 
[INFO] [stdout] error: aborting due to 6 previous errors
[INFO] [stdout] 
[INFO] [stdout] 
[INFO] [stdout] For more information about this error, try `rustc --explain E0425`.
[INFO] [stdout] 
[INFO] [stderr] error: could not compile `htmlize`.
[INFO] [stderr] 
[INFO] [stderr] To learn more, run the command again with --verbose.
[INFO] [stderr] warning: build failed, waiting for other jobs to finish...
[INFO] [stderr] error: build failed
[INFO] running `Command { std: "docker" "inspect" "c118cab4867c9d0f1afebbde66eab5ceb137b3f13076ddd784f95c37639b8674", kill_on_drop: false }`
[INFO] running `Command { std: "docker" "rm" "-f" "c118cab4867c9d0f1afebbde66eab5ceb137b3f13076ddd784f95c37639b8674", kill_on_drop: false }`
[INFO] [stdout] c118cab4867c9d0f1afebbde66eab5ceb137b3f13076ddd784f95c37639b8674
